 highest common factor of 5 and 366889.
1
What is the greatest common factor of 204 and 70373081?
17
Calculate the highest common factor of 1581230 and 226870.
490
Calculate the greatest common divisor of 4612 and 1036.
4
Calculate the highest common divisor of 7844 and 2763049.
1961
Calculate the highest common divisor of 1369725 and 150.
75
What is the greatest common factor of 216 and 513297?
27
Calculate the highest common factor of 3534608 and 7315.
1463
Calculate the highest common factor of 768 and 28544.
128
What is the greatest common factor of 9398904 and 72?
24
What is the highest common factor of 8396141 and 104?
13
What is the greatest common factor of 5 and 31849675?
5
What is the highest common factor of 35730 and 1210?
10
What is the greatest common divisor of 118 and 146657362?
118
Calculate the greatest common divisor of 20 and 3361420.
20
What is the highest common factor of 705 and 629095?
235
Calculate the highest common factor of 98136 and 2376.
72
Calculate the greatest common divisor of 58045 and 25914860.
4465
Calculate the highest common factor of 142971744 and 470.
94
Calculate the highest common divisor of 220740 and 18905.
5
What is the highest common factor of 380 and 6105251?
19
What is the greatest common divisor of 10251507 and 756?
21
What is the highest common divisor of 38797354 and 9462?
3154
What is the greatest common divisor of 1419 and 403473?
3
Calculate the greatest common divisor of 71552 and 3335072.
416
What is the greatest common divisor of 908544 and 72072?
2184
What is the highest common divisor of 15507880 and 2180080?
9160
Calculate the greatest common factor of 47180 and 185920.
140
Calculate the highest common factor of 19530 and 2190.
30
Calculate the highest common factor of 46 and 21070668.
46
Calculate the highest common divisor of 152032340 and 15800.
1580
Calculate the greatest common factor of 20240 and 124190.
110
Calculate the greatest common divisor of 24622177 and 491.
491
What is the greatest common factor of 1548122 and 18054?
34
Calculate the greatest common divisor of 536547 and 21406.
11
Calculate the greatest common factor of 170 and 17858530.
10
Calculate the highest common factor of 2031385 and 475.
95
Calculate the highest common factor of 243144 and 256608.
792
What is the highest common divisor of 2282 and 1218882?
14
Calculate the greatest common factor of 30554712 and 7155.
1431
Calculate the greatest common divisor of 2840 and 647400.
40
Calculate the greatest common factor of 96 and 14075976.
24
Calculate the greatest common divisor of 1920376815 and 10430.
5215
Calculate the greatest common divisor of 13068 and 321320340.
4356
What is the greatest common divisor of 4410 and 3597678?
882
Calculate the highest common factor of 148628480 and 580.
580
Calculate the greatest common factor of 1113036 and 1812.
12
Calculate the greatest common divisor of 374216 and 7352.
8
Calculate the highest common factor of 9535114 and 438.
146
Calculate the highest common factor of 8704320 and 5808.
48
What is the highest common factor of 42 and 363050121?
21
What is the greatest common divisor of 5790 and 19302?
6
What is the greatest common factor of 32004 and 83820762?
2286
What is the highest common factor of 2956485 and 5345760?
3885
What is the highest common factor of 3243832 and 380?
76
Calculate the greatest common divisor of 400 and 7314872.
8
Calculate the greatest common divisor of 242338752 and 7104.
7104
What is the highest common factor of 212792 and 137216?
536
Calculate the greatest common factor of 25823836 and 13825.
79
Calculate the greatest common factor of 4845 and 126312.
57
What is the greatest common divisor of 2176653 and 1905?
381
What is the greatest common divisor of 78568 and 6160?
56
What is the highest common factor of 13488 and 29719056?
48
What is the greatest common factor of 577165776 and 16?
16
Calculate the greatest common factor of 1932149 and 1734613.
6173
Calculate the greatest common factor of 279 and 286587777.
93
What is the greatest common divisor of 348327 and 3085376?
679
Calculate the highest common divisor of 38007132 and 644.
92
Calculate the highest common factor of 5148 and 34599786.
78
What is the greatest common factor of 18368983 and 148?
37
Calculate the greatest common factor of 1162818014 and 1009.
1009
Calculate the greatest common factor of 103874576 and 2704.
208
What is the highest common divisor of 92944152 and 5292?
756
What is the greatest common factor of 7084533 and 23704?
2963
What is the greatest common divisor of 150 and 8301500?
50
Calculate the greatest common divisor of 4296450393 and 69.
69
Calculate the greatest common divisor of 140 and 10550428.
28
Calculate the highest common divisor of 230 and 128136105.
115
What is the highest common factor of 216994263 and 122?
61
Calculate the greatest common divisor of 1098648083 and 13.
13
What is the highest common factor of 2385 and 63754071?
159
What is the highest common divisor of 12859322 and 3362?
82
Calculate the greatest common factor of 5699666 and 126.
14
What is the greatest common factor of 585 and 15620085?
585
Calculate the highest common factor of 9619785 and 36540.
315
What is the greatest common factor of 280630 and 41895?
665
Calculate the highest common divisor of 211133 and 4728217.
1937
Calculate the greatest common divisor of 51325 and 37980.
5
Calculate the highest common divisor of 1478803651 and 103.
103
Calculate the greatest common divisor of 4526412 and 10653.
159
What is the highest common factor of 10919 and 5368?
61
Calculate the highest common divisor of 1200111 and 9471.
1353
Calculate the greatest common divisor of 477 and 10204991.
53
What is the highest common divisor of 44 and 76460978?
22
What is the highest common divisor of 12978643 and 3599?
59
Calculate the greatest common divisor of 1187668 and 13580.
388
Calculate the greatest common factor of 749 and 1384966163.
749
Calculate the greatest common divisor of 224 and 69766592.
224
What is the highest common factor of 351636751 and 7285?
1457
Calculate the highest common factor of 604 and 4729320.
604
Calculate the greatest common divisor of 314003535 and 159.
159
Calculate the greatest common divisor of 24 and 4844214.
6
Calculate the greatest common factor of 96476 and 141332.
356
Calculate the highest common factor of 25932 and 357546094.
4322
What is the greatest common factor of 87 and 1330193982?
87
Calculate the greatest common divisor of 12207936 and 52.
52
What is the greatest common divisor of 20205720 and 24?
24
What is the greatest common divisor of 512 and 17240672?
32
What is the highest common divisor of 6592 and 144689456?
1648
What is the highest common factor of 55888 and 253744?
16
Calculate the greatest common divisor of 1656939935 and 1615.
1615
What is the highest common divisor of 602459650 and 4225?
4225
Calculate the highest common factor of 1450 and 73815730.
290
Calculate the greatest common factor of 1753472 and 4120.
824
Calculate the highest common divisor of 46 and 8329.
1
What is the greatest common factor of 162802560 and 6528?
384
Calculate the greatest common factor of 5 and 88271185.
5
What is the highest common factor of 8070 and 886770?
30
What is the highest common divisor of 88041120 and 2235?
2235
Calculate the highest common divisor of 662347 and 56.
7
Calculate the greatest common divisor of 36919281 and 2667.
2667
What is the highest common divisor of 358743 and 89892?
33
What is the greatest common factor of 38487964 and 530?
106
Calculate the greatest common factor of 13863 and 14690159.
4621
What is the greatest common divisor of 12963346 and 22?
22
Calculate the greatest common factor of 62866864 and 1552.
1552
Calculate the highest common divisor of 4242 and 1408980300.
4242
Calculate the greatest common factor of 3120 and 320970.
390
Calculate the highest common divisor of 5 and 33690870.
5
What is the greatest common divisor of 61628004 and 252?
36
What is the greatest common divisor of 304161 and 1014?
39
What is the highest common divisor of 323 and 72463112?
323
Calculate the greatest common factor of 192556948 and 52.
4
Calculate the highest common divisor of 21 and 21550527.
3
Calculate the highest common factor of 2